{"id":9,"date":"2017-12-19T15:03:46","date_gmt":"2017-12-19T15:03:46","guid":{"rendered":"https:\/\/svolurnar.is\/?page_id=9"},"modified":"2018-04-16T20:34:38","modified_gmt":"2018-04-16T20:34:38","slug":"hafdu-samband","status":"publish","type":"page","link":"https:\/\/svolurnar.is\/?page_id=9","title":{"rendered":"Hafa samband"},"content":{"rendered":"<p>\u00deetta er s\u00ed\u00f0a me\u00f0 grunnuppl\u00fdsingum til \u00feess a\u00f0 hafa samband, l\u00edkt og heimilisfang og s\u00edman\u00famer. \u00de\u00fa g\u00e6tir l\u00edka pr\u00f3fa\u00f0 vi\u00f0b\u00f3t til \u00feess a\u00f0 b\u00faa til hafa samband form.<\/p>\n","protected":false},"excerpt":{"rendered":"<p>\u00deetta er s\u00ed\u00f0a me\u00f0 grunnuppl\u00fdsingum til \u00feess a\u00f0 hafa samband, l\u00edkt og heimilisfang og s\u00edman\u00famer. \u00de\u00fa g\u00e6tir l\u00edka pr\u00f3fa\u00f0 vi\u00f0b\u00f3t til \u00feess a\u00f0 b\u00faa til hafa samband form.<\/p>\n","protected":false},"author":1,"featured_media":4,"parent":0,"menu_order":0,"comment_status":"closed","ping_status":"closed","template":"","meta":{"footnotes":""},"_links":{"self":[{"href":"https:\/\/svolurnar.is\/index.php?rest_route=\/wp\/v2\/pages\/9"}],"collection":[{"href":"https:\/\/svolurnar.is\/index.php?rest_route=\/wp\/v2\/pages"}],"about":[{"href":"https:\/\/svolurnar.is\/index.php?rest_route=\/wp\/v2\/types\/page"}],"author":[{"embeddable":true,"href":"https:\/\/svolurnar.is\/index.php?rest_route=\/wp\/v2\/users\/1"}],"replies":[{"embeddable":true,"href":"https:\/\/svolurnar.is\/index.php?rest_route=%2Fwp%2Fv2%2Fcomments&post=9"}],"version-history":[{"count":3,"href":"https:\/\/svolurnar.is\/index.php?rest_route=\/wp\/v2\/pages\/9\/revisions"}],"predecessor-version":[{"id":110,"href":"https:\/\/svolurnar.is\/index.php?rest_route=\/wp\/v2\/pages\/9\/revisions\/110"}],"wp:featuredmedia":[{"embeddable":true,"href":"https:\/\/svolurnar.is\/index.php?rest_route=\/wp\/v2\/media\/4"}],"wp:attachment":[{"href":"https:\/\/svolurnar.is\/index.php?rest_route=%2Fwp%2Fv2%2Fmedia&parent=9"}],"curies":[{"name":"wp","href":"https:\/\/api.w.org\/{rel}","templated":true}]}}