{"id":71,"date":"2018-03-08T16:21:00","date_gmt":"2018-03-08T16:21:00","guid":{"rendered":"http:\/\/nyr.svolurnar.is\/?page_id=71"},"modified":"2018-03-08T16:58:55","modified_gmt":"2018-03-08T16:58:55","slug":"gudmunda","status":"publish","type":"page","link":"https:\/\/svolurnar.is\/?page_id=71","title":{"rendered":"Gu\u00f0munda J\u00f3nsd\u00f3ttirx"},"content":{"rendered":"<p>Sta\u00f0a: Ritari &amp; umsj\u00f3n vefs<\/p>\n<p>S\u00edmi: <a href=\"tel:+3548638123\">863-8123<\/a><\/p>\n<p>Sv\u00f6lunetfang: <a href=\"mailto:ritari@svolurnar.is\">ritari (hj\u00e1) svolurnar.is<\/a><\/p>\n<p>Netfang: <a href=\"mailto:gudmundajonsdottir@gmail.com\">gudmundajonsdottir (hj\u00e1) gmail.com<\/a><\/p>\n<p>&nbsp;<\/p>\n","protected":false},"excerpt":{"rendered":"<p>Sta\u00f0a: Ritari &amp; umsj\u00f3n vefs S\u00edmi: 863-8123 Sv\u00f6lunetfang: ritari (hj\u00e1) svolurnar.is Netfang: gudmundajonsdottir (hj\u00e1) gmail.com &nbsp;<\/p>\n","protected":false},"author":1,"featured_media":0,"parent":0,"menu_order":0,"comment_status":"closed","ping_status":"closed","template":"","meta":{"footnotes":""},"_links":{"self":[{"href":"https:\/\/svolurnar.is\/index.php?rest_route=\/wp\/v2\/pages\/71"}],"collection":[{"href":"https:\/\/svolurnar.is\/index.php?rest_route=\/wp\/v2\/pages"}],"about":[{"href":"https:\/\/svolurnar.is\/index.php?rest_route=\/wp\/v2\/types\/page"}],"author":[{"embeddable":true,"href":"https:\/\/svolurnar.is\/index.php?rest_route=\/wp\/v2\/users\/1"}],"replies":[{"embeddable":true,"href":"https:\/\/svolurnar.is\/index.php?rest_route=%2Fwp%2Fv2%2Fcomments&post=71"}],"version-history":[{"count":7,"href":"https:\/\/svolurnar.is\/index.php?rest_route=\/wp\/v2\/pages\/71\/revisions"}],"predecessor-version":[{"id":84,"href":"https:\/\/svolurnar.is\/index.php?rest_route=\/wp\/v2\/pages\/71\/revisions\/84"}],"wp:attachment":[{"href":"https:\/\/svolurnar.is\/index.php?rest_route=%2Fwp%2Fv2%2Fmedia&parent=71"}],"curies":[{"name":"wp","href":"https:\/\/api.w.org\/{rel}","templated":true}]}}