{"id":170,"date":"2018-04-16T21:36:28","date_gmt":"2018-04-16T21:36:28","guid":{"rendered":"http:\/\/nyr.svolurnar.is\/?page_id=170"},"modified":"2019-02-06T18:45:45","modified_gmt":"2019-02-06T18:45:45","slug":"a-dofinni","status":"publish","type":"page","link":"https:\/\/svolurnar.is\/?page_id=170","title":{"rendered":"\u00c1 d\u00f6finni"},"content":{"rendered":"<p>Allir f\u00e9lagsfundir eru haldnir \u00e1 Nauth\u00f3l og hefjast kl. 18:00<\/p>\n<p>N\u00e6stu fundir:<\/p>\n<p>5. febr\u00faar 2019<\/p>\n<p>5. mars 2019<\/p>\n<p>2. apr\u00edl 2019<\/p>\n<p>15. ma\u00ed 2019 &#8211; a\u00f0alfundur<\/p>\n<p><img loading=\"lazy\" decoding=\"async\" class=\"size-full wp-image-456 aligncenter\" src=\"http:\/\/svolurnar.is\/wp-content\/uploads\/2018\/11\/images.png\" alt=\"\" width=\"247\" height=\"204\" \/><\/p>\n<h1 style=\"text-align: center;\">J\u00f3lafundur Svalanna 4. desember<\/h1>\n<p style=\"text-align: center;\"><em>Hinn gl\u00e6silegi \u00e1rlegi j\u00f3lafundur f\u00e9lagsins ver\u00f0ur haldinn \u00e1 Nauth\u00f3li <\/em><\/p>\n<p style=\"text-align: center;\"><em>\u00feann 4. desember 2018 og hefst kl. 18.\u00a0<\/em><\/p>\n<p style=\"text-align: center;\"><em>Sj\u00e1 n\u00e1nari uppl\u00fdsingar \u00e1\u00a0<a href=\"https:\/\/www.facebook.com\/groups\/svolurnar\/\">facebook s\u00ed\u00f0u f\u00e9lagsins<\/a><\/em><\/p>\n<p style=\"text-align: center;\">\n<p>Vetrarstarfi\u00f0 2018-2019 hefst \u00ed okt\u00f3ber.<\/p>\n<p>Allir fundir ver\u00f0a haldnir \u00e1 Nauth\u00f3l og hefjast kl. 18.<\/p>\n<p><strong>Fundir fram a\u00f0 \u00e1ram\u00f3tum:<\/strong><\/p>\n<p>16. okt\u00f3ber<\/p>\n<p>6. n\u00f3vember<\/p>\n<p>4. desember<\/p>\n","protected":false},"excerpt":{"rendered":"<p>Allir f\u00e9lagsfundir eru haldnir \u00e1 Nauth\u00f3l og hefjast kl. 18:00 N\u00e6stu fundir: 5. febr\u00faar 2019 5. mars 2019 2. apr\u00edl 2019 15. ma\u00ed 2019 &#8211; a\u00f0alfundur J\u00f3lafundur Svalanna 4. desember Hinn gl\u00e6silegi \u00e1rlegi j\u00f3lafundur f\u00e9lagsins ver\u00f0ur haldinn \u00e1 Nauth\u00f3li \u00feann 4. desember 2018 og hefst kl. 18.\u00a0 Sj\u00e1 n\u00e1nari uppl\u00fdsingar \u00e1\u00a0facebook s\u00ed\u00f0u f\u00e9lagsins Vetrarstarfi\u00f0 2018-2019 &hellip; <a href=\"https:\/\/svolurnar.is\/?page_id=170\" class=\"more-link\">Continue reading <span class=\"screen-reader-text\">\u00c1 d\u00f6finni<\/span><\/a><\/p>\n","protected":false},"author":1,"featured_media":0,"parent":166,"menu_order":1,"comment_status":"closed","ping_status":"closed","template":"","meta":{"footnotes":""},"_links":{"self":[{"href":"https:\/\/svolurnar.is\/index.php?rest_route=\/wp\/v2\/pages\/170"}],"collection":[{"href":"https:\/\/svolurnar.is\/index.php?rest_route=\/wp\/v2\/pages"}],"about":[{"href":"https:\/\/svolurnar.is\/index.php?rest_route=\/wp\/v2\/types\/page"}],"author":[{"embeddable":true,"href":"https:\/\/svolurnar.is\/index.php?rest_route=\/wp\/v2\/users\/1"}],"replies":[{"embeddable":true,"href":"https:\/\/svolurnar.is\/index.php?rest_route=%2Fwp%2Fv2%2Fcomments&post=170"}],"version-history":[{"count":7,"href":"https:\/\/svolurnar.is\/index.php?rest_route=\/wp\/v2\/pages\/170\/revisions"}],"predecessor-version":[{"id":475,"href":"https:\/\/svolurnar.is\/index.php?rest_route=\/wp\/v2\/pages\/170\/revisions\/475"}],"up":[{"embeddable":true,"href":"https:\/\/svolurnar.is\/index.php?rest_route=\/wp\/v2\/pages\/166"}],"wp:attachment":[{"href":"https:\/\/svolurnar.is\/index.php?rest_route=%2Fwp%2Fv2%2Fmedia&parent=170"}],"curies":[{"name":"wp","href":"https:\/\/api.w.org\/{rel}","templated":true}]}}

Á döfinni

<p>Allir félagsfundir eru haldnir á Nauthól og hefjast kl. 18:00</p>
<p>Næstu fundir:</p>
<p>5. febrúar 2019</p>
<p>5. mars 2019</p>
<p>2. apríl 2019</p>
<p>15. maí 2019 &#8211; aðalfundur</p>
<p><img loading="lazy" decoding="async" class="size-full wp-image-456 aligncenter" src="http://svolurnar.is/wp-content/uploads/2018/11/images.png" alt="" width="247" height="204" /></p>
<h1 style="text-align: center;">Jólafundur Svalanna 4. desember</h1>
<p style="text-align: center;"><em>Hinn glæsilegi árlegi jólafundur félagsins verður haldinn á Nauthóli </em></p>
<p style="text-align: center;"><em>þann 4. desember 2018 og hefst kl. 18. </em></p>
<p style="text-align: center;"><em>Sjá nánari upplýsingar á <a href="https://www.facebook.com/groups/svolurnar/">facebook síðu félagsins</a></em></p>
<p style="text-align: center;">
<p>Vetrarstarfið 2018-2019 hefst í október.</p>
<p>Allir fundir verða haldnir á Nauthól og hefjast kl. 18.</p>
<p><strong>Fundir fram að áramótum:</strong></p>
<p>16. október</p>
<p>6. nóvember</p>
<p>4. desember</p>

<p>Allir félagsfundir eru haldnir á Nauthól og hefjast kl. 18:00 Næstu fundir: 5. febrúar 2019 5. mars 2019 2. apríl 2019 15. maí 2019 &#8211; aðalfundur Jólafundur Svalanna 4. desember Hinn glæsilegi árlegi jólafundur félagsins verður haldinn á Nauthóli þann 4. desember 2018 og hefst kl. 18.  Sjá nánari upplýsingar á facebook síðu félagsins Vetrarstarfið 2018-2019 &hellip; <a href="https://svolurnar.is/?page_id=170" class="more-link">Continue reading <span class="screen-reader-text">Á döfinni</span></a></p>
