{"id":155,"date":"2018-04-16T21:12:54","date_gmt":"2018-04-16T21:12:54","guid":{"rendered":"http:\/\/nyr.svolurnar.is\/?page_id=155"},"modified":"2025-11-18T13:35:00","modified_gmt":"2025-11-18T13:35:00","slug":"gjafa-og-minningarkort","status":"publish","type":"page","link":"https:\/\/svolurnar.is\/?page_id=155","title":{"rendered":"Gjafa og minningarkort"},"content":{"rendered":"<p><img loading=\"lazy\" decoding=\"async\" class=\"alignnone  wp-image-1122\" src=\"http:\/\/svolurnar.is\/wp-content\/uploads\/2024\/06\/gjafakort-gyllt-300x106-1.jpg\" alt=\"\" width=\"449\" height=\"159\" \/><img loading=\"lazy\" decoding=\"async\" class=\"alignnone  wp-image-1123\" src=\"http:\/\/svolurnar.is\/wp-content\/uploads\/2024\/06\/Hvitt-litid-samudar-300x191-300x191-300x191-1.jpg\" alt=\"\" width=\"284\" height=\"181\" \/><\/p>\n<p>Gjafakort og minningarkort eru 10 \u00ed b\u00fanti \u00e1 1.000 kr.<\/p>\n<p><b>ALLUR \u00c1G\u00d3\u00d0I AF S\u00d6LU KORTANNA RENNUR \u00d3SKIPTUR TIL L\u00cdKNARM\u00c1LA.<\/b><\/p>\n<p>Vinsamlegast hafi\u00f0 samband vi\u00f0<\/p>\n<p>\u00d6nnu Krist\u00ednu Einarsson, gjaldkera \u2013 s\u00edmi 696-5293 &#8211; til a\u00f0 panta kortin e\u00f0a sendi\u00f0 p\u00f6ntun \u00e1: <strong>svolurnar@svolurnar.is<\/strong><\/p>\n","protected":false},"excerpt":{"rendered":"<p>Gjafakort og minningarkort eru 10 \u00ed b\u00fanti \u00e1 1.000 kr. ALLUR \u00c1G\u00d3\u00d0I AF S\u00d6LU KORTANNA RENNUR \u00d3SKIPTUR TIL L\u00cdKNARM\u00c1LA. Vinsamlegast hafi\u00f0 samband vi\u00f0 \u00d6nnu Krist\u00ednu Einarsson, gjaldkera \u2013 s\u00edmi 696-5293 &#8211; til a\u00f0 panta kortin e\u00f0a sendi\u00f0 p\u00f6ntun \u00e1: svolurnar@svolurnar.is<\/p>\n","protected":false},"author":1,"featured_media":0,"parent":151,"menu_order":1,"comment_status":"closed","ping_status":"closed","template":"","meta":{"footnotes":""},"_links":{"self":[{"href":"https:\/\/svolurnar.is\/index.php?rest_route=\/wp\/v2\/pages\/155"}],"collection":[{"href":"https:\/\/svolurnar.is\/index.php?rest_route=\/wp\/v2\/pages"}],"about":[{"href":"https:\/\/svolurnar.is\/index.php?rest_route=\/wp\/v2\/types\/page"}],"author":[{"embeddable":true,"href":"https:\/\/svolurnar.is\/index.php?rest_route=\/wp\/v2\/users\/1"}],"replies":[{"embeddable":true,"href":"https:\/\/svolurnar.is\/index.php?rest_route=%2Fwp%2Fv2%2Fcomments&post=155"}],"version-history":[{"count":8,"href":"https:\/\/svolurnar.is\/index.php?rest_route=\/wp\/v2\/pages\/155\/revisions"}],"predecessor-version":[{"id":1199,"href":"https:\/\/svolurnar.is\/index.php?rest_route=\/wp\/v2\/pages\/155\/revisions\/1199"}],"up":[{"embeddable":true,"href":"https:\/\/svolurnar.is\/index.php?rest_route=\/wp\/v2\/pages\/151"}],"wp:attachment":[{"href":"https:\/\/svolurnar.is\/index.php?rest_route=%2Fwp%2Fv2%2Fmedia&parent=155"}],"curies":[{"name":"wp","href":"https:\/\/api.w.org\/{rel}","templated":true}]}}