{"id":149,"date":"2018-04-16T21:11:54","date_gmt":"2018-04-16T21:11:54","guid":{"rendered":"http:\/\/nyr.svolurnar.is\/?page_id=149"},"modified":"2024-06-18T20:50:27","modified_gmt":"2024-06-18T20:50:27","slug":"styrktarsjodur","status":"publish","type":"page","link":"https:\/\/svolurnar.is\/?page_id=149","title":{"rendered":"Styrktarsj\u00f3\u00f0ur"},"content":{"rendered":"<p>Sv\u00f6lurnar hafa \u00e1 s\u00ednum starfs\u00e1rum styrkt fj\u00f6lm\u00f6rg f\u00e9l\u00f6g og einstaklinga og eru \u00feakkl\u00e1tar fyrir a\u00f0 hafa geta\u00f0 gert \u00fea\u00f0.<\/p>\n<p>Sv\u00f6luf\u00e9lagar grei\u00f0a \u00ed styrktarsj\u00f3\u00f0 \u00e1rlega.<\/p>\n<p>H\u00e6gt er a\u00f0 leggja starfi Svalanna li\u00f0 me\u00f0 \u00fev\u00ed a\u00f0 leggja inn \u00e1 styrktarsj\u00f3\u00f0inn:<\/p>\n<p class=\"pagetitle\"><strong>Kt.: 570177-0959<\/strong><\/p>\n<div id=\"post-2\" class=\"post\">\n<div class=\"entry\">\n<p><strong>Banki: 0370 &#8211; 22 &#8211; 075784<\/strong><\/p>\n<\/div>\n<\/div>\n","protected":false},"excerpt":{"rendered":"<p>Sv\u00f6lurnar hafa \u00e1 s\u00ednum starfs\u00e1rum styrkt fj\u00f6lm\u00f6rg f\u00e9l\u00f6g og einstaklinga og eru \u00feakkl\u00e1tar fyrir a\u00f0 hafa geta\u00f0 gert \u00fea\u00f0. Sv\u00f6luf\u00e9lagar grei\u00f0a \u00ed styrktarsj\u00f3\u00f0 \u00e1rlega. H\u00e6gt er a\u00f0 leggja starfi Svalanna li\u00f0 me\u00f0 \u00fev\u00ed a\u00f0 leggja inn \u00e1 styrktarsj\u00f3\u00f0inn: Kt.: 570177-0959 Banki: 0370 &#8211; 22 &#8211; 075784<\/p>\n","protected":false},"author":1,"featured_media":0,"parent":124,"menu_order":1,"comment_status":"closed","ping_status":"closed","template":"","meta":{"footnotes":""},"_links":{"self":[{"href":"https:\/\/svolurnar.is\/index.php?rest_route=\/wp\/v2\/pages\/149"}],"collection":[{"href":"https:\/\/svolurnar.is\/index.php?rest_route=\/wp\/v2\/pages"}],"about":[{"href":"https:\/\/svolurnar.is\/index.php?rest_route=\/wp\/v2\/types\/page"}],"author":[{"embeddable":true,"href":"https:\/\/svolurnar.is\/index.php?rest_route=\/wp\/v2\/users\/1"}],"replies":[{"embeddable":true,"href":"https:\/\/svolurnar.is\/index.php?rest_route=%2Fwp%2Fv2%2Fcomments&post=149"}],"version-history":[{"count":4,"href":"https:\/\/svolurnar.is\/index.php?rest_route=\/wp\/v2\/pages\/149\/revisions"}],"predecessor-version":[{"id":1111,"href":"https:\/\/svolurnar.is\/index.php?rest_route=\/wp\/v2\/pages\/149\/revisions\/1111"}],"up":[{"embeddable":true,"href":"https:\/\/svolurnar.is\/index.php?rest_route=\/wp\/v2\/pages\/124"}],"wp:attachment":[{"href":"https:\/\/svolurnar.is\/index.php?rest_route=%2Fwp%2Fv2%2Fmedia&parent=149"}],"curies":[{"name":"wp","href":"https:\/\/api.w.org\/{rel}","templated":true}]}}