{"id":143,"date":"2018-04-16T21:08:47","date_gmt":"2018-04-16T21:08:47","guid":{"rendered":"http:\/\/nyr.svolurnar.is\/?page_id=143"},"modified":"2019-09-13T14:33:57","modified_gmt":"2019-09-13T14:33:57","slug":"einstaklingar","status":"publish","type":"page","link":"https:\/\/svolurnar.is\/?page_id=143","title":{"rendered":"Einstaklingar"},"content":{"rendered":"<p><em>Sv\u00f6lurnar hafa styrkt einstaklinga sem til \u00feeirra leita, en hvert erindi \u00fearf a\u00f0 sko\u00f0a s\u00e9rstaklega og eru takmarkanir \u00ed reglum f\u00e9lagsins var\u00f0andi \u00feessa styrki.<\/em><\/p>\n<h1>N\u00fdlegir styrkir<\/h1>\n<h3>Styrkur til AHC samtakanna \u00e1 \u00cdslandi<\/h3>\n<p>N\u00fdlega afhentu Sv\u00f6lurnar styrk til AHC samtakanna \u00e1 \u00cdslandi a\u00f0 upph\u00e6\u00f0 250.000 kr. Styrkurinn var afhentur \u00e1 heimili Sunnu Vald\u00edsar Sigur\u00f0ard\u00f3ttur, en h\u00fan er eini \u00cdslendingurinn sem greinst hefur me\u00f0 AHC sj\u00fakd\u00f3minn. \u00dea\u00f0 voru foreldrar Sunnu, \u00feau Sigur\u00f0ur H. J\u00f3hannesson og Ragnhei\u00f0ur Erla Hjaltad\u00f3ttir sem veittu honum vi\u00f0t\u00f6ku en \u00feau standa fyrir ATP1A3 m\u00e1l\u00feingi sem haldi\u00f0 ver\u00f0ur \u00ed Reykjav\u00edk 3.-4. okt\u00f3ber nk.<\/p>\n<div id=\"attachment_770\" style=\"width: 310px\" class=\"wp-caption alignnone\"><img loading=\"lazy\" decoding=\"async\" aria-describedby=\"caption-attachment-770\" class=\"size-medium wp-image-770\" src=\"http:\/\/svolurnar.is\/wp-content\/uploads\/2019\/09\/64807569_2720818341279667_8430284399840329728_o-300x189.jpg\" alt=\"\" width=\"300\" height=\"189\" srcset=\"https:\/\/svolurnar.is\/wp-content\/uploads\/2019\/09\/64807569_2720818341279667_8430284399840329728_o-300x189.jpg 300w, https:\/\/svolurnar.is\/wp-content\/uploads\/2019\/09\/64807569_2720818341279667_8430284399840329728_o-768x485.jpg 768w, https:\/\/svolurnar.is\/wp-content\/uploads\/2019\/09\/64807569_2720818341279667_8430284399840329728_o-1024x647.jpg 1024w, https:\/\/svolurnar.is\/wp-content\/uploads\/2019\/09\/64807569_2720818341279667_8430284399840329728_o.jpg 1770w\" sizes=\"(max-width: 300px) 100vw, 300px\" \/><p id=\"caption-attachment-770\" class=\"wp-caption-text\">Fr\u00e1 afhendingu styrksins.<br \/>Sigur\u00f0ur, Gu\u00f0r\u00fan, Gu\u00f0munda og Ragnhei\u00f0ur Erla<\/p><\/div>\n<p>\u00cd desember 2017 var Ernu Gunn\u00fe\u00f3rsd\u00f3ttur og \u00d3la R\u00fanari J\u00f3nssyni veittur styrkur fr\u00e1 Sv\u00f6lunum\u00a0 a\u00f0 upph\u00e6\u00f0 kr.500.000.<br \/>\nErna heims\u00f3tti Sv\u00f6lurnar \u00ed Hrei\u00f0ri\u00f0 (skrifstofa Svalanna) \u00e1samt R\u00f6kkva litla n\u00fa \u00ed haust og veitti gjafabr\u00e9finu m\u00f3tt\u00f6ku.<\/p>\n<div id=\"attachment_406\" style=\"width: 310px\" class=\"wp-caption aligncenter\"><img loading=\"lazy\" decoding=\"async\" aria-describedby=\"caption-attachment-406\" class=\"wp-image-406 size-medium\" src=\"http:\/\/nyr.svolurnar.is\/wp-content\/uploads\/2018\/10\/afhending-1-300x200.jpg\" alt=\"\" width=\"300\" height=\"200\" srcset=\"https:\/\/svolurnar.is\/wp-content\/uploads\/2018\/10\/afhending-1-300x200.jpg 300w, https:\/\/svolurnar.is\/wp-content\/uploads\/2018\/10\/afhending-1-768x512.jpg 768w, https:\/\/svolurnar.is\/wp-content\/uploads\/2018\/10\/afhending-1-1024x683.jpg 1024w, https:\/\/svolurnar.is\/wp-content\/uploads\/2018\/10\/afhending-1.jpg 1200w\" sizes=\"(max-width: 300px) 100vw, 300px\" \/><p id=\"caption-attachment-406\" class=\"wp-caption-text\">Gu\u00f0r\u00fan \u00d3lafsd\u00f3ttir, forma\u00f0ur Svalanna afhendir gjafabr\u00e9fi\u00f0<\/p><\/div>\n<p><img loading=\"lazy\" decoding=\"async\" class=\"alignnone size-medium wp-image-407\" src=\"http:\/\/nyr.svolurnar.is\/wp-content\/uploads\/2018\/10\/afhending-3-300x200.jpg\" alt=\"\" width=\"300\" height=\"200\" srcset=\"https:\/\/svolurnar.is\/wp-content\/uploads\/2018\/10\/afhending-3-300x200.jpg 300w, https:\/\/svolurnar.is\/wp-content\/uploads\/2018\/10\/afhending-3-768x512.jpg 768w, https:\/\/svolurnar.is\/wp-content\/uploads\/2018\/10\/afhending-3-1024x683.jpg 1024w, https:\/\/svolurnar.is\/wp-content\/uploads\/2018\/10\/afhending-3.jpg 1200w\" sizes=\"(max-width: 300px) 100vw, 300px\" \/><\/p>\n<p>H\u00e9r er \u00feakkarbr\u00e9f fr\u00e1 Ernu sem barst okkur fyrir sk\u00f6mmu.<\/p>\n<p><em>&#8222;Takk fyrir a\u00f0 hafa hj\u00e1lpa\u00f0 m\u00e9r og fj\u00f6lskyldu minni \u00feegar vi\u00f0 eignu\u00f0umst alvarlega veikt barn og vorum landf\u00f6st \u00e1 sj\u00fakrah\u00fasi \u00ed austur evr\u00f3pu vikum saman me\u00f0 \u00f6llum \u00feeim kostna\u00f0i sem \u00fev\u00ed fylgir. Ykkar g\u00f3\u00f0mennska og starf ur\u00f0u til \u00feess a\u00f0 fj\u00e1rhags\u00e1hyggjur vegna sj\u00fakrah\u00fasdvalarinnar voru ekki eins \u00feungb\u00e6rar og \u00f3yfirst\u00edganlegar eins og annars hef\u00f0i or\u00f0i\u00f0 og \u00e9g get ekki l\u00fdst \u00feakkl\u00e6ti m\u00ednu vegna \u00feessa. Me\u00f0 k\u00e6rri \u00fe\u00f6kk, Erna, \u00d3li R\u00fanar, J\u00f3n Ingi, Gunn\u00fe\u00f3r og R\u00f6kkvi litli.&#8220;<\/em><\/p>\n<div id=\"attachment_408\" style=\"width: 156px\" class=\"wp-caption alignnone\"><img loading=\"lazy\" decoding=\"async\" aria-describedby=\"caption-attachment-408\" class=\"size-medium wp-image-408\" src=\"http:\/\/nyr.svolurnar.is\/wp-content\/uploads\/2018\/10\/afhending-4-146x300.jpg\" alt=\"\" width=\"146\" height=\"300\" srcset=\"https:\/\/svolurnar.is\/wp-content\/uploads\/2018\/10\/afhending-4-146x300.jpg 146w, https:\/\/svolurnar.is\/wp-content\/uploads\/2018\/10\/afhending-4.jpg 467w\" sizes=\"(max-width: 146px) 100vw, 146px\" \/><p id=\"caption-attachment-408\" class=\"wp-caption-text\">R\u00f6kkvi litli \u00e1 sp\u00edtalanum.<\/p><\/div>\n<h2>Hj\u00e1lparhundur<\/h2>\n<p>Hausti\u00f0 2017 barst Sv\u00f6lunum bei\u00f0ni um styrk fyrir 6 \u00e1ra dreng sem heitir Helgi \u00d6rn. Hann er einhverfur og me\u00f0 CP.\u00a0 \u00a0Foreldrarnir \u00f3sku\u00f0u eftir styrk til \u00feess a\u00f0 fj\u00e1rfesta \u00ed hj\u00e1lparhundi.<br \/>\nBei\u00f0ni um styrkinn var borin upp \u00e1 f\u00e9lagsfundi s.l. okt\u00f3ber og var einr\u00f3ma sam\u00feykkt af f\u00e9lagskonum a\u00f0 veita Helga Erni styrk a\u00f0 upph\u00e6\u00f0 kr .500.000.<br \/>\n\u00cd upphafi \u00e1rs 2018 var Rut Westmann, m\u00f3\u00f0ur Helga Arnar, afhent gjafabr\u00e9fi\u00f0 \u00e1 skrifstofu Svalanna.<br \/>\nH\u00fan bi\u00f0ur innilega a\u00f0 heilsa Sv\u00f6lunum me\u00f0 k\u00e6ru \u00feakkl\u00e6ti.<\/p>\n<p style=\"text-align: left;\"><img loading=\"lazy\" decoding=\"async\" class=\"size-medium wp-image-271 alignleft\" src=\"http:\/\/nyr.svolurnar.is\/wp-content\/uploads\/2018\/04\/styrkur-f.-hund-mynd-fr-afhendingu-225x300.jpg\" alt=\"\" width=\"225\" height=\"300\" srcset=\"https:\/\/svolurnar.is\/wp-content\/uploads\/2018\/04\/styrkur-f.-hund-mynd-fr-afhendingu-225x300.jpg 225w, https:\/\/svolurnar.is\/wp-content\/uploads\/2018\/04\/styrkur-f.-hund-mynd-fr-afhendingu.jpg 720w\" sizes=\"(max-width: 225px) 100vw, 225px\" \/><img loading=\"lazy\" decoding=\"async\" class=\"size-medium wp-image-272 alignleft\" src=\"http:\/\/nyr.svolurnar.is\/wp-content\/uploads\/2018\/04\/gjafabrf-til-helga-211x300.jpg\" alt=\"\" width=\"211\" height=\"300\" \/><\/p>\n<h2>Styrkur til fyrrverandi flugfreyju<\/h2>\n<p><em>Gu\u00f0r\u00fan \u00d3lafsd\u00f3ttir<\/em> forma\u00f0ur Svalanna afhenti formlega fyrr \u00e1 \u00e1rinu styrktargj\u00f6f Svalanna til <em>Gu\u00f0n\u00fdjar Sveinbj\u00f6rnsd\u00f3ttur<\/em>, fyrrverandi flugfreyju hj\u00e1 Icelandair, sem n\u00fa dvelur \u00e1 hj\u00fakrunarheimilinu M\u00f6rkinni.<\/p>\n<p>\u00dea\u00f0 er Anna D\u00eds Sveinbj\u00f6rnsd\u00f3ttir, systir Gu\u00f0n\u00fdjar sem er me\u00f0 \u00feeim \u00e1 myndunum og a\u00f0 hennar s\u00f6gn er Gu\u00f0n\u00fd mj\u00f6g \u00e1n\u00e6g\u00f0 me\u00f0 st\u00f3linn og n\u00fdtur \u00feess a\u00f0 sitja \u00ed honum, en hann er ma. s\u00e9r\u00fatb\u00fainn \u00feannig a\u00f0 au\u00f0velt er a\u00f0 f\u00e6ra hann milli sta\u00f0a. Anna D\u00eds vildi koma \u00e1 framf\u00e6ri innilegum \u00fe\u00f6kkum til Svalanna fyrir \u00feessa g\u00f3\u00f0u gj\u00f6f.<\/p>\n<p><img loading=\"lazy\" decoding=\"async\" class=\"alignnone wp-image-274 size-thumbnail\" src=\"http:\/\/nyr.svolurnar.is\/wp-content\/uploads\/2018\/04\/gs-gjafabref-150x150.jpg\" alt=\"\" width=\"150\" height=\"150\" srcset=\"https:\/\/svolurnar.is\/wp-content\/uploads\/2018\/04\/gs-gjafabref-150x150.jpg 150w, https:\/\/svolurnar.is\/wp-content\/uploads\/2018\/04\/gs-gjafabref-100x100.jpg 100w\" sizes=\"(max-width: 150px) 100vw, 150px\" \/>\u00a0 \u00a0 \u00a0 \u00a0 \u00a0 \u00a0 \u00a0\u00a0<img loading=\"lazy\" decoding=\"async\" class=\"alignnone wp-image-276 size-thumbnail\" src=\"http:\/\/nyr.svolurnar.is\/wp-content\/uploads\/2018\/04\/gu\u00f0nysveinbj-150x150.jpg\" alt=\"\" width=\"150\" height=\"150\" srcset=\"https:\/\/svolurnar.is\/wp-content\/uploads\/2018\/04\/gu\u00f0nysveinbj-150x150.jpg 150w, https:\/\/svolurnar.is\/wp-content\/uploads\/2018\/04\/gu\u00f0nysveinbj-100x100.jpg 100w\" sizes=\"(max-width: 150px) 100vw, 150px\" \/>\u00a0 \u00a0 \u00a0 \u00a0 \u00a0 \u00a0\u00a0<img loading=\"lazy\" decoding=\"async\" class=\"alignnone wp-image-275 size-medium\" src=\"http:\/\/nyr.svolurnar.is\/wp-content\/uploads\/2018\/04\/gs2-163x300.jpg\" alt=\"\" width=\"163\" height=\"300\" srcset=\"https:\/\/svolurnar.is\/wp-content\/uploads\/2018\/04\/gs2-163x300.jpg 163w, https:\/\/svolurnar.is\/wp-content\/uploads\/2018\/04\/gs2.jpg 556w\" sizes=\"(max-width: 163px) 100vw, 163px\" \/><\/p>\n","protected":false},"excerpt":{"rendered":"<p>Sv\u00f6lurnar hafa styrkt einstaklinga sem til \u00feeirra leita, en hvert erindi \u00fearf a\u00f0 sko\u00f0a s\u00e9rstaklega og eru takmarkanir \u00ed reglum f\u00e9lagsins var\u00f0andi \u00feessa styrki. N\u00fdlegir styrkir Styrkur til AHC samtakanna \u00e1 \u00cdslandi N\u00fdlega afhentu Sv\u00f6lurnar styrk til AHC samtakanna \u00e1 \u00cdslandi a\u00f0 upph\u00e6\u00f0 250.000 kr. Styrkurinn var afhentur \u00e1 heimili Sunnu Vald\u00edsar Sigur\u00f0ard\u00f3ttur, en h\u00fan &hellip; <a href=\"https:\/\/svolurnar.is\/?page_id=143\" class=\"more-link\">Continue reading <span class=\"screen-reader-text\">Einstaklingar<\/span><\/a><\/p>\n","protected":false},"author":1,"featured_media":0,"parent":122,"menu_order":2,"comment_status":"closed","ping_status":"closed","template":"","meta":{"footnotes":""},"_links":{"self":[{"href":"https:\/\/svolurnar.is\/index.php?rest_route=\/wp\/v2\/pages\/143"}],"collection":[{"href":"https:\/\/svolurnar.is\/index.php?rest_route=\/wp\/v2\/pages"}],"about":[{"href":"https:\/\/svolurnar.is\/index.php?rest_route=\/wp\/v2\/types\/page"}],"author":[{"embeddable":true,"href":"https:\/\/svolurnar.is\/index.php?rest_route=\/wp\/v2\/users\/1"}],"replies":[{"embeddable":true,"href":"https:\/\/svolurnar.is\/index.php?rest_route=%2Fwp%2Fv2%2Fcomments&post=143"}],"version-history":[{"count":8,"href":"https:\/\/svolurnar.is\/index.php?rest_route=\/wp\/v2\/pages\/143\/revisions"}],"predecessor-version":[{"id":773,"href":"https:\/\/svolurnar.is\/index.php?rest_route=\/wp\/v2\/pages\/143\/revisions\/773"}],"up":[{"embeddable":true,"href":"https:\/\/svolurnar.is\/index.php?rest_route=\/wp\/v2\/pages\/122"}],"wp:attachment":[{"href":"https:\/\/svolurnar.is\/index.php?rest_route=%2Fwp%2Fv2%2Fmedia&parent=143"}],"curies":[{"name":"wp","href":"https:\/\/api.w.org\/{rel}","templated":true}]}}